5*k(y). What is the tens digit of q(-1)?
1
Let q = 181 + 274. Suppose -5*j = -790 - q. What is the units digit of j?
9
Let c(m) = m**2 - 2*m - 1. Let i be c(-1). What is the tens digit of (-13)/(i - (-15)/(-6))?
2
Suppose 5*o + 4 = 4*o. Let k = -2 - o. Suppose -i - 133 = -6*i - k*s, 5*s = -2*i + 49. What is the units digit of i?
7
Suppose 5*x = z + 95, -3*x - 5*z + 98 = 13. Let t = -19 + x. What is the tens digit of (4 - t)*(6 - 1)?
1
Suppose -6*k - 228 = -10*k. Let u = 121 - k. What is the tens digit of u?
6
Let k(n) = -215*n - 25. What is the hundreds digit of k(-1)?
1
Let z(d) = 85*d**2 - 40*d + 229. What is the thousands digit of z(5)?
2
Let r be 1/(0 - -1)*3. Let k = -166 + 154. Let h = r - k. What is the units digit of h?
5
Suppose 2*o - 716 = -3*v - v, 0 = -3*v - o + 537. Suppose 37 - v = -2*a. What is the units digit of a?
1
Suppose 4*b + b = -4*y + 1408, 5*y - 837 = -3*b. What is the hundreds digit of b?
2
Let m be 0/(-2)*(-6)/(-12). Suppose m = -15*h + 14*h + 63. What is the units digit of h?
3
Let m(v) = -2*v**3 - 29*v**2 - 22*v + 31. What is the units digit of m(-18)?
5
Let t(d) = 23*d - 22. Suppose 0 = 3*n + 2*x - 26, x + 8 + 7 = 2*n. What is the hundreds digit of t(n)?
1
Let n(i) = -i**3 + i + 189. Let y be n(0). Suppose -2*p = p - y. Let g = p + -38. What is the tens digit of g?
2
Let r be (0/2)/(8/4). Suppose r = u - 4, 2*a - 4*u = 140. Suppose 3*i - 2*p = -3 + 42, p - a = -5*i. What is the units digit of i?
5
Suppose -2*g - 3*g - 180 = 0. Let z be 1/(-4) + 63/g. What is the units digit of -24*2/(12/z)?
8
Let m(b) = 6*b**3 - 3*b**2 - 8*b + 101. What is the hundreds digit of m(6)?
2
Suppose h + 5*b = -2*h + 77, 20 = -4*b. Let v = h - 44. Let j = 53 + v. What is the units digit of j?
3
Let q be 51/(-6) - 2/(-4). Let j be 66*(36/q)/(-3). Suppose -5*l - 4*d + 3*d = -j, -l + 7 = -3*d. What is the tens digit of l?
1
Suppose 0 = -u + 3, 0*v - 15 = -v - 4*u. Suppose -60 = v*m - 5*m. What is the tens digit of m?
3
What is the tens digit of (-27)/12*-6*(2 - -28)?
0
Let s(p) = 15*p**2 + 9*p - 8. Let j(i) = -7*i**2 - 4*i + 4. Let y(b) = -9*j(b) - 4*s(b). Suppose 6 = -5*f + 7*f. What is the tens digit of y(f)?
2
Let f(m) = -2*m**3 - 86*m**2 - 2*m + 48. What is the tens digit of f(-43)?
3
Let g be -3 + (12 - -1) - -3. Suppose 2*r = f - g, 7*f - 3*f = 5*r + 25. What is the tens digit of (6/r)/(-2)*39?
1
Suppose 399 = 4*j + c - 50, -2 = -2*c. What is the hundreds digit of j?
1
Suppose 0 = -2*v - 18 - 28. Let n = v - -108. What is the units digit of n?
5
Let c(l) = -2*l + 2. Let m be c(1). Suppose -4*a = s - 300, a = -m*a + 5. What is the units digit of s?
0
Let i(o) = 2*o**2 - 7*o. Let t(z) = -5*z**2 + 21*z + 1. Let h(y) = -8*i(y) - 3*t(y). Let b be h(-6). Suppose n - b = 4. What is the units digit of n?
7
Let i(r) = 13*r**2 + 27*r**2 - 9*r**2 + r + 1. What is the units digit of i(-1)?
1
Let c(a) = a**3 + 13*a**2 + 11*a - 10. Let s be c(-12). Suppose -2 = -4*y - s*n, -4*y + 0*n + 5*n = 5. What is the units digit of 24 + -4 - y/2?
0
What is the hundreds digit of (-11)/(154/60)*(-92 + -13)?
4
Let r = -36 - 54. What is the units digit of (-786)/(-10) - 36/r?
9
Suppose 4*l - 14 = 2*r - 4*r, 4*l + 3*r = 13. Let f(o) = 3 + 6*o - 8 + 1 - o**2 - 1. What is the units digit of f(l)?
3
Let q = -910 + 2910. What is the tens digit of q?
0
Let p = -28 + 32. Suppose 0 = q + p*s - 17, 0*s = -4*s - 4. What is the tens digit of q?
2
Let n(q) = q**3 + 22*q**2 + 5*q - 37. What is the hundreds digit of n(-16)?
4
Let y(t) be the first derivative of -3*t**4/4 - 4*t**3/3 + 32*t + 2. What is the tens digit of y(-5)?
0
Suppose a + 3031 = 4*o, -3*a = 3*o + 2*o - 3793. What is the units digit of o?
8
Let y = -758 + 1530. What is the hundreds digit of y?
7
What is the units digit of 1/3 - ((-64)/(-24))/(-4)?
1
Suppose -40*x - 6139 = -47*x. What is the units digit of x?
7
Let q be 2 + (-3 - (17 + -3)). Let r = 15 + q. Suppose 160 = 4*a - j - r*j, -27 = -a - 3*j. What is the tens digit of a?
3
Suppose l + 5 = 2*l. Suppose 3*s = l + 7. Suppose s*n - 48 = 2*n. What is the tens digit of n?
2
Let s(u) be the third derivative of u**5/60 + 7*u**4/12 + 2*u**3/3 - 9*u**2. What is the tens digit of s(-15)?
1
Let y be 37/7 - (-4)/(-28)*2. Suppose -4*t - 2*n = -3*n - 445, 3*t + y*n = 351. What is the units digit of t?
2
Suppose 12231 = -3119*o + 3122*o. What is the thousands digit of o?
4
Let n(j) = -524*j + 568. What is the thousands digit of n(-4)?
2
Suppose 5*b = -4*k + 275, 5*b - 179 = 4*k + 96. Suppose i + 3*r = b, -2*i = i - 3*r - 165. Suppose -i = -5*a + 45. What is the tens digit of a?
2
What is the tens digit of 12*((-49)/(-21))/(-7) - -807?
0
Suppose -5*j + 2*b - 4*b = -12, 20 = 4*j - b. Suppose -j*y + 420 = -0*y. Suppose 4*t = 4*l + 260, 4*t + 4*l - 171 = y. What is the tens digit of t?
6
Suppose f + 3*f = 0. Suppose 0 = 10*b + 4 - 4. What is the tens digit of 1*(12 + f + b)?
1
Let s = 1772 + -191. What is the thousands digit of s?
1
Let v = -71 - -32. Let x = v + 75. What is the units digit of x?
6
Let d(l) = l**2 + l - 14. Let s be d(-6). Let b = 20 - s. Suppose 100 = 5*h - 9*c + b*c, 45 = h + 4*c. What is the tens digit of h?
2
Suppose 5*g = 3*v - 371, -5*g = -0*g - 10. Suppose -25 = 5*k, 4*l - k = 2*k + v. Suppose o + l = 2*s, 1 = -2*o + 5. What is the units digit of s?
5
Let d(a) = a**2 - 3*a - 6. Let s be d(5). Suppose 2*m - 6 = -s*r, -2*r - 2 = -r + 4*m. What is the tens digit of (3 + 42)*r/5?
1
Suppose 296 + 1220 = o. Suppose -o = -5*l - 421. What is the hundreds digit of l?
2
Let r(z) = -z**2 - 19*z + 6. Let i be r(-17). Suppose -4*v = -a - 116, -2*v + 5*a + 0*a = -i. What is the tens digit of v?
3
Let n = 465 - 281. Let t = n + -63. What is the units digit of t?
1
What is the units digit of 531*((-40)/(-6) - (-4 - -9))?
5
Let u(x) = 4*x + 15. Let q be u(-3). What is the tens digit of q + (-21)/6 - (-29)/2?
1
Let f(g) = -g**2 - 2*g + 2. Let a be (-2)/5 - (-72)/(-45). Let l be f(a). Suppose 3*q + 6 = l*w + 4*q, 3*w - 10 = -2*q. What is the units digit of w?
2
Suppose 11*a - 484 - 1232 = 0. What is the tens digit of a?
5
Suppose 0 = c + 3*c + 32. Let p(j) = -10 + 4*j + j**3 + 4 + 14*j**2 - 5*j**2. What is the units digit of p(c)?
6
Suppose k - 13 + 3 = -2*g, 2*g - 8 = 0. Let d be (k/(-4))/(5/(-60)). Let q = 7 + d. What is the tens digit of q?
1
Let f(g) = -5*g + 0*g**3 + g**3 - g - 16*g**2 - 2*g**2 - 14. Let i be f(18). Let c = -58 - i. What is the tens digit of c?
6
Let q(k) = -5*k**2 - 2*k + 2. Let m be q(1). What is the tens digit of 8 + m + (265 - -2) + 1?
7
Suppose s = -m + 14, -7 = -3*m + 5*s - s. Suppose -m*f = -0*f - 864. What is the units digit of f?
6
What is the tens digit of (-18)/(-63) + (-7360)/(-14)?
2
Let q = -2 - -5. Suppose -s - 8 = -q*s. Suppose -s + 1 = 3*n, -5*m + 112 = 3*n. What is the tens digit of m?
2
Let l = 136 + -487. Let g = 595 + l. What is the hundreds digit of g?
2
Let t(a) = -3 + 5 - 3 + 81*a - 74*a. Let i = 2 + -1. What is the units digit of t(i)?
6
Let d(b) = 10 + 15 + b + 15. What is the tens digit of d(-11)?
2
Let r(o) be the second derivative of -o**3/3 - 17*o**2/2 + 2*o. Let f(b) = -b - 18. Let m(p) = -5*f(p) + 6*r(p). What is the tens digit of m(-5)?
2
Let x(p) = -p + 211. Suppose -a + v = 3*v - 6, -v = -3. What is the tens digit of x(a)?
1
Let c(h) = h**3 - 16*h**2 + 13*h - 11. What is the units digit of c(17)?
9
Let x be 1/2 - (-6)/4. Suppose 2*z - x*t = 18, 2*z + z - 2*t - 25 = 0. Suppose -5*v = 4*n - 120, -2*v - 85 = -z*v + 3*n. What is the tens digit of v?
2
Suppose -117*a + 123*a - 1128 = 0. What is the tens digit of a?
8
Let s be (-6)/(-9) - 106/(-3). Let i = -32 + s. What is the units digit of i?
4
Let p(u) = 6 - 7*u - u**2 + 9*u**2 + 1 - u**3 - 3. Let c be p(7). Suppose 4*m = -m - 4*t + 84, m = -4*t + c. What is the tens digit of m?
2
Suppose 0 = 2*f - 10 - 2. Let g = f + 143. What is the units digit of g?
9
Let k = -12 + 15. Let c = 6 - k. Suppose c*f + 29 = 110. What is the units digit of f?
7
Suppose 4208 + 6532 = 6*b. What is the tens digit of b?
9
Let w(s) = 34*s**2 + 3*s - 1. Let r be w(2). Let l(u) = -u**2 + 10*u + 33. Let f be l(12). What is the tens digit of r/15 + f/15?
1
Let n be 1/(-3) - (-7)/3. Let d(p) = 8*p**2 - 3*p + 2*p - p**3 - 11*p + 7 + n*p**2. What is the tens digit of d(8)?
3
Suppose -3*x = -